{"description":"Nancy P\u00e9rez Crespo y Julio M. Shiling en en el programa \"En Sinton\u00eda con Enepec\u00e9\" comienzan analizando\u00a0al candidato Paul Crespo, un ciudadano que ha servido de manera ejemplar en la marina y en el servicio diplom\u00e1tico, y lo consideran un buen candidato para representar al distrito 25. Se menciona la importancia de defender la libertad y la democracia, no solo a nivel nacional, sino tambi\u00e9n en Cuba y Am\u00e9rica Latina. Se hace referencia a un blog en Internet donde se pueden firmar peticiones contra el asesinato de Orlando Zapata Tamayo. Se destaca la solidaridad hacia este caso, incluidas firmas de personalidades conocidas. Se menciona una marcha convocada por Gloria Estefan para apoyar a las Damas de Blanco, un grupo de mujeres valientes en Cuba. Posteriormente, se discute la legislaci\u00f3n de salud firmada por el presidente Obama, criticando su enfoque de nacionalizaci\u00f3n y destacando alternativas que podr\u00edan haberse considerado para mejorar el acceso al cuidado m\u00e9dico sin afectar significativamente a la medicina privada. Se aborda la influencia de la Asociaci\u00f3n M\u00e9dica Americana en la legislaci\u00f3n de salud y se plantean puntos sobre c\u00f3mo mejorar el sistema de salud de manera m\u00e1s eficiente. Finalmente, se menciona la preocupaci\u00f3n sobre una posible agenda de socializaci\u00f3n en los Estados Unidos a trav\u00e9s de la nacionalizaci\u00f3n de sectores clave como la salud.\nPrograma \"En Sinton\u00eda con Enepec\u00e9\" transmitido por La Poderosa 670AM el 24 de marzo del 2010.","height":315,"html":"<div style=\"position:relative;padding-bottom:56.25%\"><iframe src=\"https://skiv.com/embed/C922fM2\" style=\"width:100%;height:100%;position:absolute;left:0;top:0\" frameborder=\"0\" allow=\"fullscreen\" allowfullscreen></iframe></div>","provider_name":"Skiv","provider_url":"https://skiv.com","thumbnail_height":198,"thumbnail_url":"https://cdn.skiv.com/u/gfkPsrB/2d96670e8f10b5d4539062a19b349d0501deb6d91a959f853afd24ac0993ca90/thumbnails/thumbnail.jpg","thumbnail_width":352,"title":"24-03-10 Ley de nacionalizaci\u00f3n de cuidado m\u00e9dico","type":"video","url":"https://skiv.com/v/C922fM2","version":"1.0","width":560}

Nancy Pérez Crespo y Julio M. Shiling en en el programa "En Sintonía con Enepecé" comienzan analizando al candidato Paul Crespo, un ciudadano que ha servido de manera ejemplar en la marina y en el servicio diplomático, y lo consideran un buen candidato para representar al distrito 25. Se menciona la importancia de defender la libertad y la democracia, no solo a nivel nacional, sino también en Cuba y América Latina. Se hace referencia a un blog en Internet donde se pueden firmar peticiones contra el asesinato de Orlando Zapata Tamayo. Se destaca la solidaridad hacia este caso, incluidas firmas de personalidades conocidas. Se menciona una marcha convocada por Gloria Estefan para apoyar a las Damas de Blanco, un grupo de mujeres valientes en Cuba. Posteriormente, se discute la legislación de salud firmada por el presidente Obama, criticando su enfoque de nacionalización y destacando alternativas que podrían haberse considerado para mejorar el acceso al cuidado médico sin afectar significativamente a la medicina privada. Se aborda la influencia de la Asociación Médica Americana en la legislación de salud y se plantean puntos sobre cómo mejorar el sistema de salud de manera más eficiente. Finalmente, se menciona la preocupación sobre una posible agenda de socialización en los Estados Unidos a través de la nacionalización de sectores clave como la salud.
Programa "En Sintonía con Enepecé" transmitido por La Poderosa 670AM el 24 de marzo del 2010.

24-03-10 Ley de nacionalización de cuidado médico
